5. Give l(-13).
99
Let y(a) = a**2 + 6*a + 21. Give y(-3).
12
Let o(m) = m**3 + 3*m**2 + 2*m + 1. Calculate o(-3).
-5
Let l(y) = 24*y**3 + 47*y**2 + 2*y - 2. Give l(-2).
-10
Let x(v) = 17*v**3 + 3*v**2 + 3*v + 1. Give x(-1).
-16
Let a(z) = -2*z**2 + 2. Determine a(-1).
0
Let q(b) = b**3 + 6*b**2 - 69*b + 36. Calculate q(-12).
0
Let c(n) = 33*n**3 - n**2 + 1. Determine c(1).
33
Let t(x) = x**3 - 17*x**2 - 21*x + 7. What is t(18)?
-47
Let q(x) = -x**2 + 14*x - 44. What is q(10)?
-4
Let v(n) = 33*n - 1. What is v(-1)?
-34
Let h(c) = c**2 - 20*c + 28. What is h(19)?
9
Let k(u) = -5*u - 42. What is k(-15)?
33
Let h(c) = 9*c + 2. Give h(5).
47
Let p(u) = 5*u + 66. Give p(-15).
-9
Let q(w) = -6*w - 13. What is q(-6)?
23
Let b(u) = 2*u**2 - 48*u + 26. Give b(24).
26
Let b(w) = w**2 - 8*w + 4. Give b(8).
4
Let r(x) = -94*x**3 + 1. Determine r(1).
-93
Let j(v) = 22*v + 17. Calculate j(-5).
-93
Let m(b) = -2*b**3 + 126*b**2 - 472*b - 7. Calculate m(59).
-7
Let v(u) = -15*u + 7. What is v(-2)?
37
Let v(k) = k**3 + 12*k**2 - 13*k + 12. Give v(-13).
12
Let x(k) = -k**3 - 10*k**2 + 26*k - 4. Give x(-12).
-28
Let u(w) = 3*w**3 - 2*w**2 + 1. Determine u(3).
64
Let i(l) = l**3 - 8*l**2 + 9*l - 3. Give i(7).
11
Let u(b) = b**3 - 13*b**2 - 20*b + 76. Determine u(14).
-8
Let s(u) = u**3 + 10*u**2 + 8*u + 11. Calculate s(-8).
75
Let u(l) = -l**3 + 7*l**2 + 11*l - 73. Determine u(7).
4
Let w(c) = 3*c - 8. What is w(-10)?
-38
Let j(y) = y**2 + 7*y - 13. What is j(-10)?
17
Let z(a) = 2*a**3 + 37*a**2 + 19*a + 34. Calculate z(-18).
16
Let m(a) = a**3 - 7*a**2 + 15*a - 1. What is m(4)?
11
Let r(t) = t**3 - 10*t**2 - 17*t + 46. Determine r(11).
-20
Let q(j) = 4*j**2 + 3*j. Determine q(2).
22
Let h(u) = -u + 5. Calculate h(4).
1
Let d(c) = -22*c + 28. Give d(1).
6
Let u(l) = 2*l**2 - l - 2. What is u(7)?
89
Let a(f) = -8*f**2 + 2*f. Calculate a(-1).
-10
Let q(u) = u**2 + 17*u + 25. What is q(-16)?
9
Let g(j) = -5*j - 14. What is g(-10)?
36
Let q(d) = 113*d + 4. Determine q(-1).
-109
Let t(h) = -h**3 + 8*h**2 + 2*h - 13. Give t(8).
3
Let m(q) = -q**3 - 3*q**2 + 2*q - 3. What is m(-3)?
-9
Let r(j) = -10*j + 17. What is r(2)?
-3
Let r(u) = -3*u + 69. Determine r(23).
0
Let r(d) = d**3 + 7*d**2 + 4*d - 5. Give r(-4).
27
Let b(y) = y**3 - 13*y**2 + 12*y - 9. Calculate b(12).
-9
Let q(c) = 12*c**3 + 2*c**2 + 2*c. What is q(-2)?
-92
Let o(p) = p**3 - 11*p**2 + p + 2. Calculate o(11).
13
Let a(l) = -l**2 + 14*l + 21. What is a(16)?
-11
Let o(g) = -3*g + 62. What is o(22)?
-4
Let h(q) = -6*q - 25. Give h(-5).
5
Let y(m) = m**2 - 20*m - 1. Calculate y(20).
-1
Let m(h) = -2*h - 3. Give m(-2).
1
Let x(s) = 4*s + 8. Calculate x(-14).
-48
Let n(k) = -8*k + 68. Determine n(9).
-4
Let j(s) = -s**3 + 5*s**2 - 9*s + 40. Calculate j(5).
-5
Let y(d) = d**3 + 10*d**2 + 9*d - 5. What is y(-9)?
-5
Let p(d) = 23*d - 25. Calculate p(-5).
-140
Let z(j) = -2*j**2 + 15*j - 7. Calculate z(7).
0
Let y(l) = -l**3 - 12*l**2 + 12*l + 2. What is y(-13)?
15
Let i(a) = 2*a**3 + 6*a**2 + 9*a + 7. What is i(-4)?
-61
Let t(a) = -a**2 + 12*a - 3. Give t(12).
-3
Let a(u) = -u + 11. Give a(-10).
21
Let w(t) = 2*t**3 - 5*t**2 - 3*t + 2. Give w(3).
2
Let d(o) = 190*o**3 - 4*o + 3. What is d(1)?
189
Let n(q) = -q**2 + 22*q - 121. Calculate n(11).
0
Let u(r) = 19*r - 123. What is u(6)?
-9
Let w(z) = 2*z**2 + 4*z - 7. What is w(-4)?
9
Let v(j) = 10*j - 16. Determine v(2).
4
Let m(p) = -p**3 + 6*p**2 + 2*p + 7. What is m(6)?
19
Let v(u) = 2*u**3 + 8*u**2 + 2*u + 4. Calculate v(-3).
16
Let b(k) = 16*k - 217. What is b(14)?
7
Let z(s) = -2*s**3 + 13*s**2 + 10*s - 1. What is z(7)?
20
Let s(h) = -12*h + 67. Give s(5).
7
Let x(t) = 3*t**2 + 26*t - 4. Determine x(-9).
5
Let y(x) = x**3 - 3*x - 3. Give y(-2).
-5
Let j(q) = -q**3 + 19*q**2 + 19*q + 27. Give j(20).
7
Let d(a) = 2*a**2 - 16*a + 16. Calculate d(11).
82
Let n(q) = -q**3 - 6*q**2 - q - 1. Determine n(-6).
5
Let g(s) = 3*s - 73. Calculate g(23).
-4
Let a(l) = -5*l + 42. Calculate a(9).
-3
Let l(z) = -z**2 + 7*z - 19. Determine l(3).
-7
Let q(u) = u**3 - 7*u**2 - 2*u + 7. Determine q(7).
-7
Let k(n) = -n**2 - 8*n + 1. Give k(-11).
-32
Let m(y) = 2*y + 97. What is m(-35)?
27
Let k(c) = -15*c + 1. Calculate k(1).
-14
Let c(z) = -2*z**3 - 4*z + 14. Give c(2).
-10
Let u(p) = p**3 + 2*p**2 - 2*p + 1. Determine u(2).
13
Let n(r) = 40*r - 2. Give n(-1).
-42
Let v(a) = a**2 - 12*a + 6. Give v(10).
-14
Let x(y) = -y**2 - 4*y + 13. Determine x(-6).
1
Let x(b) = -b**3 + 29*b**2 - 29*b - 14. What is x(28)?
-42
Let g(t) = 2*t**2 - 27*t - 3. Give g(13).
-16
Let m(v) = -v**2 + 1. Calculate m(1).
0
Let b(h) = 13*h + 30. Calculate b(-3).
-9
Let s(l) = -l**2 - l - 12. Give s(0).
-12
Let m(h) = 9*h - 13. What is m(-7)?
-76
Let x(t) = 28*t - 1. Calculate x(-1).
-29
Let y(f) = -f**3 - 6*f**2 - 4*f - 3. Determine y(-5).
-8
Let d(z) = 106*z. Calculate d(-1).
-106
Let p(k) = 3*k - 26. What is p(8)?
-2
Let n(c) = -2*c**3 - 12*c**2 + 8. Determine n(-5).
-42
Let s(x) = 12*x - 114. Give s(4).
-66
Let o(s) = s**3 - 19*s**2 - 28*s + 163. Calculate o(20).
3
Let o(k) = k**2 + 13*k - 17. Determine o(-10).
-47
Let t(n) = 37*n**2 + n. Determine t(1).
38
Let k(h) = 19*h**2 - 2*h + 1. What is k(1)?
18
Let x(l) = -l**3 + 6*l**2 + 2*l - 28. Calculate x(5).
7
Let m(j) = j**2 - j - 3. Calculate m(0).
-3
Let k(g) = -5*g - 4. Give k(1).
-9
Let n(q) = q + 12. Give n(-10).
2
Let j(d) = 4*d + 2. Determine j(-1).
-2
Let k(o) = -o**3 + 6*o**2 - 5*o + 15. Determine k(6).
-15
Let j(t) = 5*t - 37. Calculate j(8).
3
Let d(k) = -k**3 - 6*k**2 + 11*k + 8. Calculate d(-8).
48
Let p(j) = j**2 + 3*j - 4. Determine p(-3).
-4
Let o(i) = -5*i**3 - 3*i**2 + 3*i. Give o(1).
-5
Let x(k) = 2*k**2 + 16*k - 7. Give x(-7).
-21
Let x(w) = -6*w - 11. Give x(0).
-11
Let y(w) = -32*w + 111. Determine y(4).
-17
Let x(i) = i**3 - 17*i**2 - 18*i - 2. What is x(18)?
-2
Let q(j) = -j + 8. What is q(9)?
-1
Let j(s) = -3*s**2 + 16*s - 10. What is j(4)?
6
Let t(u) = u**2 - 8*u + 6. What is t(3)?
-9
Let q(b) = -b**2 - 12*b + 8. What is q(-13)?
-5
Let c(y) = 94*y - 277. What is c(3)?
5
Let r(v) = 2*v**2 + 3*v - 7. Give r(-4).
13
Let s(b) = -7*b + 8. Give s(-2).
22
Let v(w) = w**3 - 3*w**2 - w - 1. Determine v(-2).
-19
Let m(s) = -s**3 - 7*s**2 - 6*s - 4. What is m(-5)?
-24
Let j(q) = 4*q - 5. Give j(-7).
-33
Let d(s) = s**3 - 7*s**2 + 3*s + 16. What is d(6)?
-2
Let m(s) = 14*s**3 + 19*s - 18. Calculate m(1).
15
Let b(p) = -p**3 + 8*p**2 - 13*p + 27. Calculate b(6).
21
Let f(d) = -d**2 - 31*d + 34. Give f(-32).
2
Let k(a) = -a**3 - 2*a**2 + 7*a + 12. Calculate k(-3).
0
Let a(b) = b**2 - 10*b - 3. Calculate a(10).
-3
Let a(k) = -k**2 - 23*k - 33. Calculate a(-21).
9
Let n(r) = -2*r**2 + 11. Determine n(-3).
-7
Let i(m) = -m**2 + 6*m - 2. Determine i(4).
6
Let x(l) = l**3 + l**2 - 4*l + 2. Give x(2).
6
Let a(i) = -i**3 - 10*i**2 - 18*i - 10. Calculate a(-8).
6
Let k(w) = w**3 + 6*w**2 + 3*w + 12. Calculate k(-5).
22
Let g(h) = h**2 - 2*h - 1. What is g(-3)?
14
Let w(h) = 10*h - 98. Determine w(9).
-8
Let a(p) = 2*p**3 + 3*p. Calculate a(-3).
-63
Let n(z) = z**2 - 7*z + 3. What is n(5)?
-7
Let j(w) = 20*w**3 - 1. What is j(1)?
19
Let f(d) = d**3 + 3*d**2 - 10*d + 9. Give f(-5).
9
Let y(g) = -g**3 + 9*g**2 + 9. Determine y(9).
9
Let p(l) = -l**3 + 7*l**2 + l - 1. Calculate p(7).
6
Let g(s) = 2*s + 15. What is g(-11)?
-7
Let h(i) = i**3 - 7*i**2 - 7*i + 35. Determine h(7).
-14
Let z(u) = -21*u**3 + u**2 + u - 1. Give z(1).
-20
Let x(d) = -10*d - 91. What is x(-9)?
-1
Let f(b) = 6*b + 3. Determine f(-8).
-45
Let l(h) = 5*h + 7. Calculate l(-2).
-3
Let w(n) = n**3 - 6*n**2 + 2*n - 2. Give w(5).
-17
Let b(y) = 8*y + 1. Give b(1).
9
Let a(p) = -p**2 - 12*p + 45. Give a(-15).
0
Let k(j) = -j**2 - 6*j - 4. Determine k(-6).
-4
Let y(a) = -196*a + 2358. Calculate y(12).
6
Let y(x) = -6*x - 37. Determine y(-4).
-13
Let c(l) = -4*l + 13. Give c(10).
-27
Let d(w) = -w**2 + 11*w + 20. Give d(10).
30
Let d(z) = 4*z**2 - 4*z + 3. What is d(1)?
3
Let g(x) = x**3 + 2*x**2 + x + 1. What is g(2)?
19
Let u(s) = -32*s + 1. Calculate u(1).
-31
Let x(r) = -r**2 + 21*r - 41. Calculate x(9).
67
Let d(c) = -5*c + 21. Determine d(5).
-4
Let t(j) = -j + 6. Determine t(-12).
18
Let o(n) = -n**3 + n**2 + 32*n - 10. Calculate o(6).
2
Let r(u) = -2*u**2 + 15*u - 5. Give r(7).
2